40. Let v = -345 + p. Let q(w) = -w**3 - 9*w**2 + w + 7. What is q(v)?
-2
Let p(u) = u**3 - 8*u**2 + 8*u - 13. Let n = 5416 - 5410. What is p(n)?
-37
Let w(h) = h**3 + 2*h**2 - 2*h - 2. Let p(u) = 19*u + 197. Let b be p(-33). Let r = -432 - b. Determine w(r).
2
Let t(k) = k**2 - 10*k + 16. Suppose -28*d + 167 = 96 - 181. Give t(d).
7
Let f(t) = 34*t**3 + 28*t**2 + 7*t - 24. Let z(b) = -79*b**3 - 64*b**2 - 16*b + 55. Let n(r) = 16*f(r) + 7*z(r). Let l be (-4)/6 + (-15)/(-9). Calculate n(l).
-8
Let t(q) = 101 + 18*q**3 + 16*q**2 - 526*q - 3*q**2 - 19*q**3 + 505*q + 0*q**2. Determine t(12).
-7
Let n(k) = -3*k**2 - 68*k + 37. Let b(y) = -7*y**2 - 145*y + 76. Let x(j) = -5*b(j) + 11*n(j). What is x(11)?
16
Let x(q) = -10*q - 77. Let i(k) = -3*k - 14. Let w(z) = 2*i(z) - x(z). Calculate w(-11).
5
Let h(g) be the third derivative of -32*g**2 + 0 + 1/24*g**4 - 3/2*g**3 + 0*g. Give h(5).
-4
Let z(a) = a**3 - 5*a**2 + 6*a - 4. Suppose -o + 206 = -3*i, 2*i + 6*o + 152 = 3*o. Let x = -66 - i. What is z(x)?
4
Let s(b) be the third derivative of b**5/60 + 13*b**4/24 + 8*b**3/3 + 5*b**2. Let f(l) = l**3 + 38*l**2 - 2*l - 87. Let h be f(-38). Determine s(h).
-6
Suppose 2164 - 820 = 12*v. Suppose 26*h - 12*h = v. Let p(u) = u**3 - 9*u**2 + 8*u + 11. What is p(h)?
11
Let j(v) = -v**2 - v + 1. Let t(s) = -s**3 + 11*s**2 + 13*s - 9. Let q(g) = 6*j(g) + t(g). Let w(z) = 3*z - 9. Let k be w(-7). Let p = k + 36. What is q(p)?
3
Let g = 225 + -211. Let y(p) = 16*p + 7*p**2 + 9 - g*p - 9*p + p**3. What is y(-8)?
1
Let q(t) = -10*t - 2*t - 3 - 12*t + 25*t. Suppose -1 = 5*v - 11. Suppose 2*s + v*s = 0. Determine q(s).
-3
Let u(h) be the third derivative of 0 - h + 1/24*h**4 - 8*h**2 + 5/6*h**3. Calculate u(0).
5
Suppose -24 = -l - 3*t - 3, 0 = -3*l + t + 13. Let b be (((-8)/(-2))/8 - -1)*6. Let s = l - b. Let z(j) = j + 2. Calculate z(s).
-1
Let x = -769 - -769. Let w(h) = -20*h + 5. Determine w(x).
5
Let t be ((-1)/(-6)*-6)/((-2)/4). Let x be 7 - (-2 + (-4 - t)/(-2)). Let c(l) = l**3 - 6*l**2 + 3*l - 6. What is c(x)?
12
Let r(h) = -h**3 - 6*h**2 + 5*h - 4. Suppose 3*w = 2*u + 8, -5*w + 0*u + u + 4 = 0. Suppose c + 24 = -c + 4*d, 5*c + 5*d + 15 = w. Give r(c).
-34
Let j(x) = 24 - 5*x**2 + 14*x + 7*x**3 + 34 - 94 + 25 - 8*x**3. Give j(-7).
-11
Suppose 0 = -3*y - h + 106, 2*y + 2*h = 470 - 406. Let k(g) be the first derivative of 5/2*g**2 - y + g - g**3 - 1/4*g**4. Calculate k(-4).
-3
Let g(s) = -55*s - 20. Let z be g(-4). Let x(y) = z - 3*y - 103 - 98. What is x(-1)?
2
Let x(y) be the first derivative of 2*y**2 - 8*y - 164. Let a(o) = -10*o + 22. Let p(h) = 3*a(h) + 8*x(h). Give p(4).
10
Let g(l) = 16*l + 3. Suppose -67*t = -82*t - 30. Determine g(t).
-29
Suppose -4*t + 50 = d, -9 - 13 = -t - 5*d. Let l be 1 - 1 - (-13 + t). Let a be -3 - l - (-7 + 6). Let k(u) = -u**3 - 2*u**2 + 3*u + 4. Give k(a).
4
Let j(r) = 357 + 307 - 118*r + 114 + 18*r - 12*r. Calculate j(7).
-6
Suppose -3*h = h + 8. Let r(c) = 2*c + 3. Let i(u) = u + 1. Let j be (3/(-4))/(2/16). Let o(t) = j*i(t) + r(t). Give o(h).
5
Let k(j) = j**3 - 9*j**2 + 12*j + 8. Let n = -2308 - -2314. What is k(n)?
-28
Let s(v) = 11*v**3 - 18*v**2 - 14*v - 14. Let r(a) = -4*a**3 + 6*a**2 + 5*a + 5. Let x(l) = 8*r(l) + 3*s(l). Give x(5).
-37
Let s(v) be the second derivative of v**3/2 - v**2/2 - 3*v. Let a be (-12)/(-32)*4 + -3 + 28/8. Determine s(a).
5
Let h(b) = -b**3 + 7*b**2 - 7*b + 3. Let r(a) = -8*a**2 - 17*a - 4. Let v be r(-7). Let n = -271 - v. Give h(n).
-3
Suppose 2*h = -4*s + 8, -s - 4*h + 4 = s. Let f(n) = -n**3 + 26*n**s - 46*n**2 + 29*n**2 - 7*n - 1. Determine f(8).
7
Let c(d) = d**2 - d - 3. Let l(n) = -2*n + 4. Let m be l(-6). Let b(f) = -f + 13. Let i be b(m). Let q be (0/2)/(1 - (-3 - i)). Calculate c(q).
-3
Let w(i) = -14*i**3 - 16*i**2 + 6*i + 12. Let z(j) = -5*j**3 - j**2 + 18*j - 1. Let l(p) = -w(p) + 3*z(p). What is l(16)?
-15
Suppose -3*t - 2*s - 51 = -19, 3*t + 4*s + 40 = 0. Let b(y) = -24*y - 9*y + 36*y - 8*y. Calculate b(t).
40
Let k(x) = -5*x + 4. Suppose 5*w = 4*p + 3, 5*p - 6 = 2*p + w. Suppose -9*f + p*f = -6. Give k(f).
-1
Let z(q) = 1 - 3*q - 13*q**2 - 12*q**2 + 20*q**2 + q**3 - 3*q. Let p = -34 + 42. Let a = 14 - p. Give z(a).
1
Let z(l) = -2*l**2 - 20*l. Let t be (-1 - (-3)/9)/((-2)/(-9)). Let i(s) = -s**2 - 10*s. Let u(r) = t*z(r) + 5*i(r). Give u(-10).
0
Let t = 216 - 222. Let w be (-8)/t + ((-4)/(-6) - 1). Let u(o) = 17*o. What is u(w)?
17
Let o(r) be the first derivative of -7*r**2/2 + 13*r + 2537. Determine o(2).
-1
Let t(x) = 4*x**2 - 5*x - 4. Let d(h) = -h**2 + 1. Let m(v) = -3*d(v) - t(v). Suppose -770 = -68*s - 226. What is m(s)?
-23
Suppose -5*r + 53 = -62. Let f(g) = -1 + r*g - 9*g - 9*g + 0*g. Give f(-1).
-6
Let b(f) be the third derivative of -f**4/24 - 11*f**3/6 + 2352*f**2. Calculate b(-5).
-6
Let b(j) = 25*j + 27*j + 30*j + 23*j - 97*j - 10. Calculate b(10).
70
Let y be (62/(-93) + (-4)/48)*(-4 + 0). Let o(m) = -m**3 - m**2 + 8*m - 4. Determine o(y).
-16
Let s(z) = -3*z**2 + 3*z. Let w(n) = n**3 + 20*n**2 - 28*n - 9. Let q(l) = -6*s(l) - w(l). What is q(-4)?
1
Let b(w) = 4*w - 29. Let a(k) = k**2 - 33*k - 274. Let d be a(40). Suppose -69 = -9*p - d. Calculate b(p).
-1
Let n(w) = 6*w - 1. Let v(r) = 8*r - 2. Let i(a) = 3*n(a) - 2*v(a). Let c be (7 - (-154)/(-21))/(1/6). Give i(c).
-3
Let l(v) be the first derivative of v**2 + 13*v + 1775. Determine l(-6).
1
Suppose 2*p = 3*z + 15, -2*z + 2*p - 5*p - 23 = 0. Let s(n) = n**2 + 10*n + 2. Determine s(z).
-19
Let w(o) = 9 - 158*o + 318*o - 156*o. Determine w(-8).
-23
Suppose 2*c - 11 = -3*d + 29, -4*c + 58 = -5*d. Suppose -21*y = -c*y, 0 = 3*p - 2*y - 39. Let f(o) = o + 1. Calculate f(p).
14
Let v(f) = 36*f - 5*f**2 - 108*f + 36*f - 14 - 22. Let k be v(-1). Let z(s) = -s**2 - 5*s - 4. Give z(k).
-4
Suppose 0 = -g - 0 + 2. Let l(c) = 0*c**2 + c**g + 6*c + 3 + 4*c. Let b(s) = -272*s - 281. Let x be b(-1). Calculate l(x).
-6
Let p(o) = 9*o**2 + 5*o - 84*o**3 - 14 - 5*o**2 + 83*o**3. Determine p(3).
10
Let u be -3*2/4*-6. Suppose z - 4*d = -4 - 10, -5*d = 3*z - u. Let c(x) = 4*x**3 + x**2 - 2*x - 3. Give c(z).
-27
Let o(f) = 2*f**2 + 6*f. Let u = 14898 + -14900. Give o(u).
-4
Let n be 1/(-1)*3*1. Let x(a) = -112*a**2 - 11*a + 4. Let r(t) = 206*t**2 + 21*t - 7. Let l(g) = 6*r(g) + 11*x(g). Determine l(n).
23
Let x(l) be the third derivative of -l**5/60 + l**4/24 + 50*l**3/3 + 2734*l**2. Calculate x(-9).
10
Let c = 5701 - 3159. Let k(j) = -3*j - c + 2545 - 5*j. Calculate k(2).
-13
Let s(y) = y + 6. Let l be (-42)/15*1*40/(-16). Suppose l*d + d = 0. Determine s(d).
6
Let h(f) = 2*f + 53. Let b(w) = w + 25. Let y = 856 - 869. Let s(k) = y*b(k) + 6*h(k). What is s(6)?
-13
Let a(j) be the third derivative of -j**5/30 + 5*j**4/8 - 13*j**3/6 + 382*j**2 + j. Determine a(7).
-6
Suppose 4*h = -4*n, 4*h + 5*n = -2 - 1. Let l(i) = 3*i + 4. Let k(q) = q + 2. Let a(f) = -7*k(f) + 3*l(f). Calculate a(h).
4
Let f(k) = 3*k - 2. Let t(p) = 3*p - 2. Let z(u) = 4*f(u) - 3*t(u). Let r be ((-15)/(-45))/(2/(-12)). Let v be (6/(-9))/r*15. What is z(v)?
13
Let m(y) be the first derivative of 4*y**2 - 29*y + 1981. Calculate m(13).
75
Let b = 2107 - 2116. Let h(s) = -2*s**2 - 17*s + 18. Calculate h(b).
9
Let z(l) = l**3 - 11*l**2 + 13*l - 18. Suppose 4*g = 5*q + 60, 491*g - 3*q - 52 = 487*g. Calculate z(g).
12
Suppose 212 = -5*d + 212. Let g = 21 + -16. Let s(v) = 6*v**2 + 4*v - 3. Let l(t) = 5*t**2 + 3*t - 4. Let n(i) = g*l(i) - 4*s(i). Determine n(d).
-8
Suppose -1914*q + 1904*q = -10. Let v(l) = -5*l**2 + 2*l - 1. Give v(q).
-4
Let p(a) = -2*a**2 - 4*a + 3. Let q be 7/((-56)/(-12))*2934/27. Suppose 25 - q = 23*g. Determine p(g).
-45
Let y = -32586 - -32583. Let a = 9 + -5. Let o(z) = z**3 - 5*z - 4 + 3*z**2 + a*z + 4*z. Determine o(y).
-13
Suppose -8*f - 2*y = -3*f - 20, 2*f = y + 17. Let t(v) = -v**2 - v + 1. Let d(n) = 7*n**2 - 3*n + 8. Let l(a) = -d(a) - 6*t(a). Determine l(f).
4
Let q be (88/(-6))/(11/(-231)). Suppose -9*a + 2*a = -q. Let u = a + -43. Let b(x) = 3*x**3 - 2*x**2 + 1. What is b(u)?
2
Let r(i) be the third derivative of -1/6*i**5 + 0*i + 8 - 1/24*i**4 + 1/120*i**6 - i**2 - 5/6*i**3. Give r(10).
-15
Let x(f) = -72*f - 3*f**2 + 2*f**2 - 72*f + 2 + 146*f - 10. Calculate x(4).
-16
Let i(k) = -k**2 - 9*k - 3. Let r = 47 + -55. Let s be ((